what is -20130 + 1131?
-12333
In base 2, what is 1101100111 - -1000010000?
10101110111
In base 3, what is -100011 - 1220?
-102001
In base 9, what is 547006 + 0?
547006
In base 8, what is 517 + 27431?
30150
In base 6, what is -5314 + 11351?
2033
In base 10, what is 852799 + -4?
852795
In base 9, what is 82338 - -4?
82343
In base 10, what is 63 - 7?
56
In base 2, what is -111011101 + -11101100010?
-100100111111
In base 2, what is 11001010110110110010 - 1?
11001010110110110001
In base 14, what is 0 + 1ab51?
1ab51
In base 4, what is 3 - -112303?
112312
In base 9, what is -1068 - -1837?
758
In base 8, what is 5 + -64245?
-64240
In base 9, what is -12 - -1865?
1853
In base 3, what is 1121 - 101112111?
-101110220
In base 5, what is -42 + -132210?
-132302
In base 12, what is -42 - -5588?
5546
In base 3, what is -11202011 + 101?
-11201210
In base 7, what is -111 + 25014?
24603
In base 14, what is -2adb + 6?
-2ad5
In base 10, what is 25048 + 70?
25118
In base 10, what is 1845 + 4?
1849
In base 4, what is 21101330 + -21?
21101303
In base 4, what is 30 + 3232100?
3232130
In base 6, what is 55134441 - 2?
55134435
In base 16, what is -31e - 17b?
-499
In base 6, what is 215 - -2152?
2411
In base 9, what is 184411 + 3?
184414
In base 7, what is 2 + 232544?
232546
In base 5, what is 1002202130 + -3?
1002202122
In base 5, what is 4 + 3032442?
3033001
In base 2, what is 11101010010 - -100001000110?
111110011000
In base 4, what is -112101010 + 11?
-112100333
In base 7, what is 226 - 30523?
-30264
In base 6, what is -11 + -2300313?
-2300324
In base 10, what is -534 - -223?
-311
In base 7, what is 24312 + 14?
24326
In base 6, what is -1101102 - -5?
-1101053
In base 4, what is -1 - 21230023?
-21230030
In base 13, what is -36804 + -1?
-36805
In base 7, what is -1314 - -110?
-1204
In base 16, what is 2 - 1186b?
-11869
In base 11, what is 74 - -32a88?
33051
In base 6, what is 23 - 2441015?
-2440552
In base 16, what is -ef709 + 1?
-ef708
In base 3, what is -10112122 - -1011?
-10111111
In base 6, what is 1 - 24551505?
-24551504
In base 3, what is -11102 - 122120?
-210222
In base 15, what is 2 - 3e0ee?
-3e0ec
In base 10, what is 5 + 153143?
153148
In base 8, what is 42250 - -2?
42252
In base 10, what is 162 - -85?
247
In base 7, what is -223 + -53602?
-54125
In base 8, what is -46 - 260?
-326
In base 5, what is 201 + 13202?
13403
In base 3, what is -111002020 - -1002?
-111001011
In base 4, what is 1211212 - -12?
1211230
In base 14, what is -8b + -4b?
-d8
In base 4, what is 1 + 122013?
122020
In base 7, what is -424236 - 16?
-424255
In base 14, what is -115 - -d2?
-23
In base 6, what is -44451 - 1?
-44452
In base 15, what is 143 - 15?
12d
In base 16, what is -2289d + -8?
-228a5
In base 15, what is 1 + -b651?
-b650
In base 5, what is -11 - -243234?
243223
In base 13, what is -57 + -7a04?
-7a5b
In base 13, what is 4 + 1073ac?
1073b3
In base 15, what is -82 + ac?
2a
In base 10, what is 5 - -725?
730
In base 13, what is 125c84 - 5?
125c7c
In base 7, what is 20550026 - -4?
20550033
In base 16, what is -16950 + 6?
-1694a
In base 4, what is 10300221 - -2?
10300223
In base 10, what is -14998 - -4?
-14994
In base 7, what is 2151 - -161?
2342
In base 6, what is -33030433 + -5?
-33030442
In base 2, what is -100111110 + -11111001?
-1000110111
In base 6, what is -113500 - 2?
-113502
In base 11, what is 5 - 43061?
-43057
In base 5, what is 332131 - 141?
331440
In base 3, what is -20212 + 1122?
-12020
In base 11, what is 385a59 + 4?
385a62
In base 16, what is -109 - 25?
-12e
In base 11, what is -1 - -39259?
39258
In base 8, what is 5 - -5703732?
5703737
In base 7, what is 2521226 + -1?
2521225
In base 10, what is -1903 - -488?
-1415
In base 12, what is -39885 - -25?
-39860
In base 12, what is 0 - -1348a?
1348a
In base 2, what is 100001 - 110010?
-10001
In base 7, what is -102161 + -242?
-102433
In base 2, what is 10001010010 - 10000?
10001000010
In base 8, what is -4 - -5201614?
5201610
In base 2, what is -101 + 101000100000?
101000011011
In base 9, what is 1334 + 56?
1401
In base 10, what is 2338 - -32?
2370
In base 12, what is 91 + 146?
217
In base 2, what is -101111110100000 - -1?
-101111110011111
In base 2, what is -10000100 - 100110100011?
-101000100111
In base 15, what is 1 - 457c6?
-457c5
In base 16, what is 5 + -7ebf?
-7eba
In base 14, what is -460 + -96?
-516
In base 15, what is -2e - -16dc?
16ad
In base 14, what is -7 + -21cb8?
-21cc1
In base 13, what is -121 + -44?
-165
In base 9, what is -16578 + -2?
-16581
In base 11, what is 0 + 2aaa89?
2aaa89
In base 7, what is -301265 - 4?
-301302
In base 16, what is 24b9c - -1?
24b9d
In base 6, what is 3042040 - 10?
3042030
In base 16, what is 1 - -fb9?
fba
In base 13, what is 259 - 97?
192
In base 13, what is 2 - 10c256?
-10c254
In base 12, what is -141a + 22b?
-11ab
In base 6, what is -20321 - 101?
-20422
In base 6, what is -5145 - -54?
-5051
In base 16, what is -10081b - 2?
-10081d
In base 4, what is -230112332 + -10?
-230113002
In base 8, what is -4470 - 16?
-4506
In base 15, what is -611d - -2?
-611b
In base 16, what is 3 - 1595?
-1592
In base 16, what is -4 - 1a0e?
-1a12
In base 10, what is -15 - -7995?
7980
In base 15, what is 4 - -21b7?
21bb
In base 4, what is -130 + 1022?
232
In base 16, what is 6d19 - -5?
6d1e
In base 4, what is 21201021 + 3?
21201030
In base 4, what is -1200 - -23310?
22110
In base 3, what is 200 - 101001111022?
-101001110122
In base 2, what is -100100100101 - -1100101?
-100011000000
In base 16, what is -9 + -6f4c?
-6f55
In base 4, what is 2220302 + -2111?
2212131
In base 4, what is -2312000 - 30?
-2312030
In base 10, what is -366 - -37?
-329
In base 9, what is -523 + -627?
-1251
In base 15, what is -287 + 5?
-282
In base 10, what is -581 + 266?
-315
In base 8, what is 35 + -1617?
-1562
In base 3, what is -220 + 100202212?
100201222
In base 13, what is -3 - 240988?
-24098b
In base 8, what is -106234 + -1?
-106235
In base 11, what is 1341 + 6?
1347
In base 7, what is -526430 + -23?
-526453
In base 10, what is -126 + 49057?
48931
In base 4, what is -11230203212 + 11?
-11230203201
In base 6, what is -10010 + -1421?
-11431
In base 2, what is 11 + 101100010000?
101100010011
In base 9, what is -1280 - -145?
-1134
In base 16, what is -1 - 4510?
-4511
In base 6, what is 4 - 132242?
-132234
In base 9, what is -106385 - -10?
-106375
In base 16, what is 3bf + -74?
34b
In base 13, what is 72 - -1c3?
265
In base 14, what is 23c72b - 2?
23c729
In base 7, what is -1606134 - -4?
-1606130
In base 14, what is -1135 - 8?
-113d
In base 12, what is 19b - 19?
182
In base 9, what is -311 + -15?
-326
In base 10, what is -270081 + 16?
-270065
In base 7, what is 25566 - 113?
25453
In base 9, what is -158 - -55?
-103
In base 3, what is 212 + 2020121222?
2020122211
In base 13, what is 297b1a - -4?
297b21
In base 4, what is -12201330 - 33?
-12202023
In base 13, what is 406bb + -2?
406b9
In base 12, what is -1 + -a66?
-a67
In base 12, what is 57a + -109?
471
In base 15, what is -a3e0 + -4?
-a3e4
In base 9, what is -11 - 1806?
-1817
In base 4, what is -112021 + -102?
-112123
In base 5, what is 143242 + 124?
143421
In base 14, what is 0 - -7741?
7741
In base 12, what is 8620 - -5?
8625
In base 9, what is -3 - 70052?
-70055
In base 12, what is -13b5 - 6b?
-1464
In base 12, what is 4 - -1801?
1805
In base 9, what is -100700 - 0?
-100700
In base 16, what is 140ba4 - -1?
140ba5
In base 16, what is -3a8 + -118?
-4c0
In base 4, what is 3 + 2023113000?
2023113003
In base 5, what is -14144 - 4043?
-23242
In base 3, what is -100010200 - -122?
-100010001
In base 12, what is 1bb03 + -1b?
1baa4
In base 13, what is 1 + 109ab7?
109ab8
In base 2, what is 110110 + -1101111110?
-1101001000
In base 4, what is 200111 - -22131?
222302
In base 7, what is 244 + -1521?
-1244
In base 4, what is -2230202 + 113?
-2230023
In base 5, what is 101 - -1301?
1402
In base 3, what is -1120 - 221221111?
-222000001
In base 11, what is -151262 + -2?
-151264
In base 15, what is -566e - 0?
-566e
In base 2, what is 10 - -100011100100111101100?
100011100100111101110
In base 7, what is -255511 - -4?
-255504
In base 13, what is 15343 + -3?
15340
In base 16, what is 0 - -5c5d?
5c5d
In base 14, what is 3bb - -1da?
5b7
In base 16, what is ab + 245?
2f0
In base 3, what is -2111 + 10